{"id":1188,"date":"2021-06-18T23:26:54","date_gmt":"2021-06-18T21:26:54","guid":{"rendered":"https:\/\/weldplastic.pl\/?page_id=1188"},"modified":"2021-06-18T23:40:42","modified_gmt":"2021-06-18T21:40:42","slug":"zbiorniki-cylindryczne","status":"publish","type":"page","link":"https:\/\/weldplastic.pl\/index.php\/zbiorniki-cylindryczne\/","title":{"rendered":"Zbiorniki cylindryczne"},"content":{"rendered":"\t\t<div data-elementor-type=\"wp-page\" data-elementor-id=\"1188\" class=\"elementor elementor-1188\">\n\t\t\t\t\t\t<section class=\"elementor-section elementor-top-section elementor-element elementor-element-a434e7a elementor-section-boxed elementor-section-height-default elementor-section-height-default\" data-id=\"a434e7a\" data-element_type=\"section\">\n\t\t\t\t\t\t<div class=\"elementor-container elementor-column-gap-default\">\n\t\t\t\t\t<div class=\"elementor-column elementor-col-100 elementor-top-column elementor-element elementor-element-5f8bb91\" data-id=\"5f8bb91\" data-element_type=\"column\">\n\t\t\t<div class=\"elementor-widget-wrap elementor-element-populated\">\n\t\t\t\t\t\t<div class=\"elementor-element elementor-element-918d98e elementor-widget elementor-widget-heading\" data-id=\"918d98e\" data-element_type=\"widget\" data-widget_type=\"heading.default\">\n\t\t\t\t<div class=\"elementor-widget-container\">\n\t\t\t<h6 class=\"elementor-heading-title elementor-size-default\">Zbiorniki cylindryczne <\/h6>\t\t<\/div>\n\t\t\t\t<\/div>\n\t\t\t\t\t<\/div>\n\t\t<\/div>\n\t\t\t\t\t<\/div>\n\t\t<\/section>\n\t\t\t\t<section class=\"elementor-section elementor-top-section elementor-element elementor-element-620be7d elementor-section-boxed elementor-section-height-default elementor-section-height-default\" data-id=\"620be7d\" data-element_type=\"section\">\n\t\t\t\t\t\t<div class=\"elementor-container elementor-column-gap-default\">\n\t\t\t\t\t<div class=\"elementor-column elementor-col-100 elementor-top-column elementor-element elementor-element-7bcf951\" data-id=\"7bcf951\" data-element_type=\"column\">\n\t\t\t<div class=\"elementor-widget-wrap elementor-element-populated\">\n\t\t\t\t\t\t<div class=\"elementor-element elementor-element-20a0a07 elementor-widget elementor-widget-text-editor\" data-id=\"20a0a07\" data-element_type=\"widget\" data-widget_type=\"text-editor.default\">\n\t\t\t\t<div class=\"elementor-widget-container\">\n\t\t\t\t\t\t\t<p>Zbiorniki cylindryczne pozwalaj\u0105 na bezpieczne przetwarzanie i magazynowanie wielu substancji chemicznych.<\/p><p>Zbiorniki wykonujemy z tworzyw:<\/p><ul><li>\u00a0PP<\/li><li>PEHD<\/li><\/ul><p>W zale\u017cno\u015bci od przeznaczenia zbiorniki mo\u017cemy wyposarzy\u0107 w elementy takie jak:<\/p><ul><li>w\u0142azy<\/li><li>poziomowskazy<\/li><li>kr\u00f3\u0107ce<\/li><li>drabiny<\/li><li>pomosty<\/li><li>pokrywy<\/li><li>oraz wiele innych<\/li><\/ul>\t\t\t\t\t\t<\/div>\n\t\t\t\t<\/div>\n\t\t\t\t\t<\/div>\n\t\t<\/div>\n\t\t\t\t\t<\/div>\n\t\t<\/section>\n\t\t\t\t<section class=\"elementor-section elementor-top-section elementor-element elementor-element-b8ad76f elementor-section-boxed elementor-section-height-default elementor-section-height-default\" data-id=\"b8ad76f\" data-element_type=\"section\">\n\t\t\t\t\t\t<div class=\"elementor-container elementor-column-gap-default\">\n\t\t\t\t\t<div class=\"elementor-column elementor-col-100 elementor-top-column elementor-element elementor-element-ada8394\" data-id=\"ada8394\" data-element_type=\"column\">\n\t\t\t<div class=\"elementor-widget-wrap elementor-element-populated\">\n\t\t\t\t\t\t<div class=\"elementor-element elementor-element-971d0b0 elementor-widget elementor-widget-image\" data-id=\"971d0b0\" data-element_type=\"widget\" data-widget_type=\"image.default\">\n\t\t\t\t<div class=\"elementor-widget-container\">\n\t\t\t\t\t\t\t\t\t\t\t\t\t<img fetchpriority=\"high\" decoding=\"async\" width=\"640\" height=\"640\" src=\"https:\/\/weldplastic.pl\/wp-content\/uploads\/2021\/04\/PRZED-3-1024x1024.png\" class=\"attachment-large size-large wp-image-1165\" alt=\"\" srcset=\"https:\/\/weldplastic.pl\/wp-content\/uploads\/2021\/04\/PRZED-3-1024x1024.png 1024w, https:\/\/weldplastic.pl\/wp-content\/uploads\/2021\/04\/PRZED-3-300x300.png 300w, https:\/\/weldplastic.pl\/wp-content\/uploads\/2021\/04\/PRZED-3-150x150.png 150w, https:\/\/weldplastic.pl\/wp-content\/uploads\/2021\/04\/PRZED-3-768x768.png 768w, https:\/\/weldplastic.pl\/wp-content\/uploads\/2021\/04\/PRZED-3-600x600.png 600w, https:\/\/weldplastic.pl\/wp-content\/uploads\/2021\/04\/PRZED-3-160x160.png 160w, https:\/\/weldplastic.pl\/wp-content\/uploads\/2021\/04\/PRZED-3-70x70.png 70w, https:\/\/weldplastic.pl\/wp-content\/uploads\/2021\/04\/PRZED-3-127x127.png 127w, https:\/\/weldplastic.pl\/wp-content\/uploads\/2021\/04\/PRZED-3-476x476.png 476w, https:\/\/weldplastic.pl\/wp-content\/uploads\/2021\/04\/PRZED-3-125x125.png 125w, https:\/\/weldplastic.pl\/wp-content\/uploads\/2021\/04\/PRZED-3.png 1080w\" sizes=\"(max-width: 640px) 100vw, 640px\" \/>\t\t\t\t\t\t\t\t\t\t\t\t\t<\/div>\n\t\t\t\t<\/div>\n\t\t\t\t\t<\/div>\n\t\t<\/div>\n\t\t\t\t\t<\/div>\n\t\t<\/section>\n\t\t\t\t<section class=\"elementor-section elementor-top-section elementor-element elementor-element-a178447 elementor-section-boxed elementor-section-height-default elementor-section-height-default\" data-id=\"a178447\" data-element_type=\"section\">\n\t\t\t\t\t\t<div class=\"elementor-container elementor-column-gap-default\">\n\t\t\t\t\t<div class=\"elementor-column elementor-col-100 elementor-top-column elementor-element elementor-element-31433f7\" data-id=\"31433f7\" data-element_type=\"column\">\n\t\t\t<div class=\"elementor-widget-wrap elementor-element-populated\">\n\t\t\t\t\t\t<div class=\"elementor-element elementor-element-6d601ff elementor-widget elementor-widget-image\" data-id=\"6d601ff\" data-element_type=\"widget\" data-widget_type=\"image.default\">\n\t\t\t\t<div class=\"elementor-widget-container\">\n\t\t\t\t\t\t\t\t\t\t\t\t\t<img decoding=\"async\" width=\"640\" height=\"640\" src=\"https:\/\/weldplastic.pl\/wp-content\/uploads\/2021\/04\/PRZED-2-1024x1024.png\" class=\"attachment-large size-large wp-image-1164\" alt=\"\" srcset=\"https:\/\/weldplastic.pl\/wp-content\/uploads\/2021\/04\/PRZED-2-1024x1024.png 1024w, https:\/\/weldplastic.pl\/wp-content\/uploads\/2021\/04\/PRZED-2-300x300.png 300w, https:\/\/weldplastic.pl\/wp-content\/uploads\/2021\/04\/PRZED-2-150x150.png 150w, https:\/\/weldplastic.pl\/wp-content\/uploads\/2021\/04\/PRZED-2-768x768.png 768w, https:\/\/weldplastic.pl\/wp-content\/uploads\/2021\/04\/PRZED-2-600x600.png 600w, https:\/\/weldplastic.pl\/wp-content\/uploads\/2021\/04\/PRZED-2-160x160.png 160w, https:\/\/weldplastic.pl\/wp-content\/uploads\/2021\/04\/PRZED-2-70x70.png 70w, https:\/\/weldplastic.pl\/wp-content\/uploads\/2021\/04\/PRZED-2-127x127.png 127w, https:\/\/weldplastic.pl\/wp-content\/uploads\/2021\/04\/PRZED-2-476x476.png 476w, https:\/\/weldplastic.pl\/wp-content\/uploads\/2021\/04\/PRZED-2-125x125.png 125w, https:\/\/weldplastic.pl\/wp-content\/uploads\/2021\/04\/PRZED-2.png 1080w\" sizes=\"(max-width: 640px) 100vw, 640px\" \/>\t\t\t\t\t\t\t\t\t\t\t\t\t<\/div>\n\t\t\t\t<\/div>\n\t\t\t\t\t<\/div>\n\t\t<\/div>\n\t\t\t\t\t<\/div>\n\t\t<\/section>\n\t\t\t\t<section class=\"elementor-section elementor-top-section elementor-element elementor-element-f0bfde3 elementor-section-boxed elementor-section-height-default elementor-section-height-default\" data-id=\"f0bfde3\" data-element_type=\"section\">\n\t\t\t\t\t\t<div class=\"elementor-container elementor-column-gap-default\">\n\t\t\t\t\t<div class=\"elementor-column elementor-col-100 elementor-top-column elementor-element elementor-element-621996f\" data-id=\"621996f\" data-element_type=\"column\">\n\t\t\t<div class=\"elementor-widget-wrap elementor-element-populated\">\n\t\t\t\t\t\t<div class=\"elementor-element elementor-element-0de4973 elementor-widget elementor-widget-image\" data-id=\"0de4973\" data-element_type=\"widget\" data-widget_type=\"image.default\">\n\t\t\t\t<div class=\"elementor-widget-container\">\n\t\t\t\t\t\t\t\t\t\t\t\t\t<img decoding=\"async\" width=\"640\" height=\"640\" src=\"https:\/\/weldplastic.pl\/wp-content\/uploads\/2021\/04\/PRZED-4-1024x1024.png\" class=\"attachment-large size-large wp-image-1166\" alt=\"\" srcset=\"https:\/\/weldplastic.pl\/wp-content\/uploads\/2021\/04\/PRZED-4-1024x1024.png 1024w, https:\/\/weldplastic.pl\/wp-content\/uploads\/2021\/04\/PRZED-4-300x300.png 300w, https:\/\/weldplastic.pl\/wp-content\/uploads\/2021\/04\/PRZED-4-150x150.png 150w, https:\/\/weldplastic.pl\/wp-content\/uploads\/2021\/04\/PRZED-4-768x768.png 768w, https:\/\/weldplastic.pl\/wp-content\/uploads\/2021\/04\/PRZED-4-600x600.png 600w, https:\/\/weldplastic.pl\/wp-content\/uploads\/2021\/04\/PRZED-4-160x160.png 160w, https:\/\/weldplastic.pl\/wp-content\/uploads\/2021\/04\/PRZED-4-70x70.png 70w, https:\/\/weldplastic.pl\/wp-content\/uploads\/2021\/04\/PRZED-4-127x127.png 127w, https:\/\/weldplastic.pl\/wp-content\/uploads\/2021\/04\/PRZED-4-476x476.png 476w, https:\/\/weldplastic.pl\/wp-content\/uploads\/2021\/04\/PRZED-4-125x125.png 125w, https:\/\/weldplastic.pl\/wp-content\/uploads\/2021\/04\/PRZED-4.png 1080w\" sizes=\"(max-width: 640px) 100vw, 640px\" \/>\t\t\t\t\t\t\t\t\t\t\t\t\t<\/div>\n\t\t\t\t<\/div>\n\t\t\t\t\t<\/div>\n\t\t<\/div>\n\t\t\t\t\t<\/div>\n\t\t<\/section>\n\t\t\t\t<section class=\"elementor-section elementor-top-section elementor-element elementor-element-657d9a2 elementor-section-boxed elementor-section-height-default elementor-section-height-default\" data-id=\"657d9a2\" data-element_type=\"section\">\n\t\t\t\t\t\t<div class=\"elementor-container elementor-column-gap-default\">\n\t\t\t\t\t<div class=\"elementor-column elementor-col-100 elementor-top-column elementor-element elementor-element-f03e3eb\" data-id=\"f03e3eb\" data-element_type=\"column\">\n\t\t\t<div class=\"elementor-widget-wrap elementor-element-populated\">\n\t\t\t\t\t\t<div class=\"elementor-element elementor-element-dcefee9 elementor-widget elementor-widget-image\" data-id=\"dcefee9\" data-element_type=\"widget\" data-widget_type=\"image.default\">\n\t\t\t\t<div class=\"elementor-widget-container\">\n\t\t\t\t\t\t\t\t\t\t\t\t\t<img loading=\"lazy\" decoding=\"async\" width=\"640\" height=\"640\" src=\"https:\/\/weldplastic.pl\/wp-content\/uploads\/2021\/06\/weld-plastic-lodz-spawanie-plastik\u00f3w-tworzyw-plastiku-1024x1024.png\" class=\"attachment-large size-large wp-image-1190\" alt=\"\" srcset=\"https:\/\/weldplastic.pl\/wp-content\/uploads\/2021\/06\/weld-plastic-lodz-spawanie-plastik\u00f3w-tworzyw-plastiku-1024x1024.png 1024w, https:\/\/weldplastic.pl\/wp-content\/uploads\/2021\/06\/weld-plastic-lodz-spawanie-plastik\u00f3w-tworzyw-plastiku-300x300.png 300w, https:\/\/weldplastic.pl\/wp-content\/uploads\/2021\/06\/weld-plastic-lodz-spawanie-plastik\u00f3w-tworzyw-plastiku-150x150.png 150w, https:\/\/weldplastic.pl\/wp-content\/uploads\/2021\/06\/weld-plastic-lodz-spawanie-plastik\u00f3w-tworzyw-plastiku-768x768.png 768w, https:\/\/weldplastic.pl\/wp-content\/uploads\/2021\/06\/weld-plastic-lodz-spawanie-plastik\u00f3w-tworzyw-plastiku-600x600.png 600w, https:\/\/weldplastic.pl\/wp-content\/uploads\/2021\/06\/weld-plastic-lodz-spawanie-plastik\u00f3w-tworzyw-plastiku-160x160.png 160w, https:\/\/weldplastic.pl\/wp-content\/uploads\/2021\/06\/weld-plastic-lodz-spawanie-plastik\u00f3w-tworzyw-plastiku-70x70.png 70w, https:\/\/weldplastic.pl\/wp-content\/uploads\/2021\/06\/weld-plastic-lodz-spawanie-plastik\u00f3w-tworzyw-plastiku-127x127.png 127w, https:\/\/weldplastic.pl\/wp-content\/uploads\/2021\/06\/weld-plastic-lodz-spawanie-plastik\u00f3w-tworzyw-plastiku-476x476.png 476w, https:\/\/weldplastic.pl\/wp-content\/uploads\/2021\/06\/weld-plastic-lodz-spawanie-plastik\u00f3w-tworzyw-plastiku-125x125.png 125w, https:\/\/weldplastic.pl\/wp-content\/uploads\/2021\/06\/weld-plastic-lodz-spawanie-plastik\u00f3w-tworzyw-plastiku.png 1080w\" sizes=\"(max-width: 640px) 100vw, 640px\" \/>\t\t\t\t\t\t\t\t\t\t\t\t\t<\/div>\n\t\t\t\t<\/div>\n\t\t\t\t\t<\/div>\n\t\t<\/div>\n\t\t\t\t\t<\/div>\n\t\t<\/section>\n\t\t\t\t<section class=\"elementor-section elementor-top-section elementor-element elementor-element-9108f57 elementor-section-boxed elementor-section-height-default elementor-section-height-default\" data-id=\"9108f57\" data-element_type=\"section\">\n\t\t\t\t\t\t<div class=\"elementor-container elementor-column-gap-default\">\n\t\t\t\t\t<div class=\"elementor-column elementor-col-100 elementor-top-column elementor-element elementor-element-b728690\" data-id=\"b728690\" data-element_type=\"column\">\n\t\t\t<div class=\"elementor-widget-wrap elementor-element-populated\">\n\t\t\t\t\t\t<div class=\"elementor-element elementor-element-22e6b00 elementor-widget elementor-widget-text-editor\" data-id=\"22e6b00\" data-element_type=\"widget\" data-widget_type=\"text-editor.default\">\n\t\t\t\t<div class=\"elementor-widget-container\">\n\t\t\t\t\t\t\t<pre>KONTAKT<\/pre><p><strong>LOKALIZACJA<\/strong><\/p><p>92-611 \u0141\u00f3d\u017a, ul. S\u0142onimskiego 10a<\/p><p>tel: +48 518 591 876<\/p><p>mail: biuro@weldplastic.pl<\/p><p>NIP: 7282841262<\/p><p>REGON: 384823758<\/p><p><strong>GODZINY PRACY<\/strong><\/p><p>Poniedzia\u0142ek \u2013 Pi\u0105tek: 7:00 \u2013 17:00<\/p><p>Sobota: 7:00 \u2013 13:00<\/p>\t\t\t\t\t\t<\/div>\n\t\t\t\t<\/div>\n\t\t\t\t\t<\/div>\n\t\t<\/div>\n\t\t\t\t\t<\/div>\n\t\t<\/section>\n\t\t\t\t<section class=\"elementor-section elementor-top-section elementor-element elementor-element-ae5b143 elementor-section-boxed elementor-section-height-default elementor-section-height-default\" data-id=\"ae5b143\" data-element_type=\"section\">\n\t\t\t\t\t\t<div class=\"elementor-container elementor-column-gap-default\">\n\t\t\t\t\t<div class=\"elementor-column elementor-col-100 elementor-top-column elementor-element elementor-element-936e857\" data-id=\"936e857\" data-element_type=\"column\">\n\t\t\t<div class=\"elementor-widget-wrap elementor-element-populated\">\n\t\t\t\t\t\t<div class=\"elementor-element elementor-element-f56e659 elementor-widget elementor-widget-google_maps\" data-id=\"f56e659\" data-element_type=\"widget\" data-widget_type=\"google_maps.default\">\n\t\t\t\t<div class=\"elementor-widget-container\">\n\t\t\t\t\t<div class=\"elementor-custom-embed\">\n\t\t\t<iframe loading=\"lazy\"\n\t\t\t\t\tsrc=\"https:\/\/maps.google.com\/maps?q=weld%20plastic%20%C5%82%C3%B3d%C5%BA%2C%20s%C5%82onimskiego%2010a&#038;t=m&#038;z=10&#038;output=embed&#038;iwloc=near\"\n\t\t\t\t\ttitle=\"weld plastic \u0142\u00f3d\u017a, s\u0142onimskiego 10a\"\n\t\t\t\t\taria-label=\"weld plastic \u0142\u00f3d\u017a, s\u0142onimskiego 10a\"\n\t\t\t><\/iframe>\n\t\t<\/div>\n\t\t\t\t<\/div>\n\t\t\t\t<\/div>\n\t\t\t\t\t<\/div>\n\t\t<\/div>\n\t\t\t\t\t<\/div>\n\t\t<\/section>\n\t\t\t\t<\/div>\n\t\t","protected":false},"excerpt":{"rendered":"<p>Zbiorniki cylindryczne Zbiorniki cylindryczne pozwalaj\u0105 na bezpieczne przetwarzanie i magazynowanie wielu substancji chemicznych. Zbiorniki wykonujemy z tworzyw: \u00a0PP PEHD W zale\u017cno\u015bci od przeznaczenia zbiorniki mo\u017cemy wyposarzy\u0107 w elementy takie jak: w\u0142azy poziomowskazy kr\u00f3\u0107ce drabiny pomosty pokrywy oraz wiele innych KONTAKT LOKALIZACJA 92-611 \u0141\u00f3d\u017a, ul. S\u0142onimskiego 10a tel: +48 518 591 876 mail: biuro@weldplastic.pl NIP: 7282841262 [&hellip;]<\/p>\n","protected":false},"author":1,"featured_media":0,"parent":0,"menu_order":0,"comment_status":"closed","ping_status":"closed","template":"","meta":{"footnotes":""},"_links":{"self":[{"href":"https:\/\/weldplastic.pl\/index.php\/wp-json\/wp\/v2\/pages\/1188"}],"collection":[{"href":"https:\/\/weldplastic.pl\/index.php\/wp-json\/wp\/v2\/pages"}],"about":[{"href":"https:\/\/weldplastic.pl\/index.php\/wp-json\/wp\/v2\/types\/page"}],"author":[{"embeddable":true,"href":"https:\/\/weldplastic.pl\/index.php\/wp-json\/wp\/v2\/users\/1"}],"replies":[{"embeddable":true,"href":"https:\/\/weldplastic.pl\/index.php\/wp-json\/wp\/v2\/comments?post=1188"}],"version-history":[{"count":4,"href":"https:\/\/weldplastic.pl\/index.php\/wp-json\/wp\/v2\/pages\/1188\/revisions"}],"predecessor-version":[{"id":1195,"href":"https:\/\/weldplastic.pl\/index.php\/wp-json\/wp\/v2\/pages\/1188\/revisions\/1195"}],"wp:attachment":[{"href":"https:\/\/weldplastic.pl\/index.php\/wp-json\/wp\/v2\/media?parent=1188"}],"curies":[{"name":"wp","href":"https:\/\/api.w.org\/{rel}","templated":true}]}}